e?
False
Let x(k) = -16*k**3. Let c be x(-1). Suppose -4*r - 4 = -c. Suppose 0 = -4*h - 2*w - 2*w + 208, -r*h = -5*w - 164. Is h prime?
True
Let l be 75/100 + 1 + 1873/4. Suppose i + l = -1715. Is (9/(-12))/3 - i/20 a prime number?
True
Let j(h) = 8771*h**2 + 32*h + 3. Is j(-2) composite?
False
Suppose 0 = -6*j + 4*j + 202822. Is j prime?
True
Suppose -28*k = -936 - 772. Let c = k - -358. Is c a composite number?
False
Let i(u) = -u**3 + 7*u**2 - 3*u - 19. Let y be i(4). Suppose 29*r = -y*r + 76222. Is r prime?
True
Let t be 273660/9 + 15/45. Suppose -7*z = 6*z - t. Is z prime?
True
Let f(k) = -343*k**3 + 4*k**2 - 4*k + 19. Is f(-4) a prime number?
True
Let i be ((-16)/(-20))/((-4)/(-20)). Let p(c) = c - 4. Let s be p(i). Suppose s = -12*x + 7*x + 4035. Is x composite?
True
Let n(v) be the second derivative of -v**5/10 + 3*v**4/2 + 4*v**3/3 + 29*v**2/2 + 98*v. Is n(-11) prime?
False
Suppose -y + 25 = -152. Suppose -3121 = -2*m + y. Is m a prime number?
False
Suppose 4799 = 3*m - 307. Let p = m + 1597. Is p a prime number?
True
Let b(z) = -965*z + 162. Is b(-13) prime?
False
Let a = 20 - 25. Let r be 10/(-25)*(a - 2805). Is r/6 + 1/(-3) prime?
False
Let p be ((-2)/5)/((-2)/10). Let n(a) = 88 + p*a**2 - a - a**2 + 43 - 3*a**2. Is n(0) a prime number?
True
Suppose 2*l + 4079 + 3498 = m, 0 = -m + l + 7584. Is m composite?
False
Let y(l) be the second derivative of -118*l**3 + 0 - 47/2*l**2 - 20*l. Is y(-6) prime?
True
Suppose 2*a - 17766 + 1952 = 0. Suppose -b - 5*r + 2649 = 0, 3*b + 14*r - 9*r = a. Is b prime?
False
Let v be 80/(-24)*(-225)/6. Suppose -v*k = -120*k - 12475. Is k composite?
True
Let u(h) = -23*h**3 + 2*h**2 + 3*h - 3. Let t be u(4). Let o = 3634 + t. Is o composite?
False
Let f(h) = -2*h**3 - 35*h**2 + 197*h - 92. Is f(-25) a prime number?
False
Is (-18)/2 - (-11 + -1173975)/1 prime?
False
Let h(z) = z - 9. Let d be h(6). Let l be 3/(-18) + d/18*7049. Let f = 999 - l. Is f composite?
True
Suppose -32*r + 757296 = -16*r. Let g = r + -25268. Is g a prime number?
True
Suppose 2*x - 11 = -3. Suppose 5*f = -5*i + 7505, i + 1232 = -x*f + 7236. Suppose 9*s = 8*s + f. Is s a prime number?
False
Suppose 3*v = -2*x + x + 17, 0 = 3*x + v - 19. Suppose -16 = -x*g + 14. Is 0 + 58/g*6 a prime number?
False
Suppose 19*n + 14*n - 1855753 = 2*n. Is n a composite number?
False
Let u(s) = -5*s - 14. Let n be u(-6). Suppose 5*i + a = 20, 2*i = -2*i + a + n. Suppose 0 = q - 3*j - 600 - 476, -j = -i*q + 4249. Is q a composite number?
False
Let q(f) = f - 5. Let r be q(20). Suppose -3*w + 8*w + 135 = 2*a, -3*a + r = 0. Let g(s) = -100*s - 5. Is g(w) composite?
True
Let n be 5/(-7) + (-8)/28. Let o be (-8895)/20 - (n + 5/4). Let b = o + 666. Is b a composite number?
True
Let c = 0 + -15. Let j = -209 + 211. Is -2*c/(-20) - (-961)/j a prime number?
True
Suppose 0 = 4*m - 2*w - 133154, 1135*m + 3*w - 166426 = 1130*m. Is m composite?
False
Suppose 0 = -8*o + 9*o, -4*o - 7026 = -3*u. Suppose 6*d - 8992 - u = 0. Is d a prime number?
True
Let i(c) = -223*c + 2. Let m be -2 + -147*(-8)/(-12). Let p be 1*-2 + m/20. Is i(p) a composite number?
True
Suppose 2*u + 3*l = 6, -2*u - l = 3*l - 8. Is (-6)/(-12)*(2658 - u) prime?
False
Suppose 150*l - 294*l + 149*l - 1111430 = 0. Is l a prime number?
False
Suppose 3*r - 5*d = -18 + 9, -2*r - 3*d = -13. Suppose -11797 = -4*g + 3*c - 6*c, 0 = 4*g + r*c - 11802. Is g composite?
False
Suppose 279 = -3*s + 6*s. Suppose -q - 2*n = -90, 287*q + 78 = 288*q + 5*n. Let l = q + s. Is l composite?
False
Let r(p) = 22*p + 8. Let i be r(-4). Let z = i - -76. Let d(t) = -t**3 + 6*t**2 + 3*t - 6. Is d(z) a composite number?
True
Is (-13)/(91/(-49)) + 92250 a prime number?
False
Suppose 638*a - 657*a = -227677. Is a prime?
False
Let k be ((-28)/42)/(2/9291). Let t = k - -8679. Is t a prime number?
False
Suppose 0 = 3*l - 3*a - 21, -9 = -5*l - 3*a + 2. Suppose -l*j - 1 = 7, 0 = 2*h + j - 60. Is h composite?
False
Suppose -2*o + 9 = 3. Let c(p) = 112*p**2 - p - 2. Let y be c(o). Let n = y + -572. Is n prime?
True
Suppose -2026627 = -4*m + 5*g, 272*m = 271*m + 5*g + 506668. Is m a prime number?
False
Suppose 0 = 3*a + 3*h - 36, 0 = -3*a - 3*h + 5*h + 56. Let i(d) = -20*d + 12 - 7 - 36 - a. Is i(-20) prime?
True
Let i(f) be the third derivative of -37*f**6/20 - f**5/15 + 7*f**4/24 - 3*f**3/2 + 40*f**2. Is i(-4) prime?
True
Suppose -3*s - 3*w = -255492, -54*w = 3*s - 58*w - 255471. Is s prime?
False
Let f be 13/(-39) + ((-4382)/(-6) - -1). Suppose -1728 = 2*p - 8*p. Let g = f - p. Is g prime?
True
Let l(b) = b**2 + 89*b + 215723. Is l(0) prime?
True
Let w(n) = n**2 + 21*n + 22. Let f be w(-20). Is (20 - 21) + 1056/f prime?
False
Let a(h) = -17*h**2 - 7*h + 21. Let d be a(-9). Let i = -604 - d. Is i composite?
True
Suppose -85*a + 61996860 = 11*a + 12*a. Is a a prime number?
False
Suppose 3*l - u - 64264 = 0, 0 = -2*l + u + 23840 + 19005. Is l a prime number?
True
Let s(j) = j - 6. Let x be s(14). Is 2/x*(-3076)/(-1) a composite number?
False
Suppose 30*g = -2*u + 25*g + 367034, -g = 4*u - 734032. Is u prime?
False
Suppose 27*y + 2*y - 2726 = 0. Let d = 1639 + y. Is d a composite number?
False
Suppose 4*r = -2*u + 2*r + 10, -2*r = u - 10. Suppose u = 25*s - 9229 - 9596. Is s a prime number?
False
Suppose 104*u - 19081820 - 6012760 = -3527164. Is u a composite number?
True
Suppose -i = 4*t - 215092, 7*t = 9*t - 5*i - 107546. Is t prime?
True
Let n be (70180*-2)/(-5) + -2. Let s = 9261 + n. Is s composite?
True
Suppose 12*i - u = 13*i - 164504, -493532 = -3*i + u. Is i a composite number?
True
Let s be -5 - (-5 - (6 + 0)). Let k = -4 + s. Is -155*(k - (-333)/(-15)) a composite number?
True
Let u(l) = l**2 - 15*l + 8. Let o be u(15). Suppose -7*i + o*i - 2 = 0. Is (-1)/i*(-2369 - 5) a prime number?
True
Suppose -2*m = -k - 12, 0 = -m - m - 3*k - 4. Suppose -19*g + m*g + 10410 = 0. Is g prime?
False
Suppose 122*s + 1825704 - 13758964 - 9492502 = 0. Is s prime?
True
Let p be 1963680/(-420)*(9/(-2) + 1). Suppose 5*i - 25 = 0, -2*j - p = -3*j + i. Is j prime?
True
Let t(q) = 4*q + 20. Let s be t(-4). Suppose -10 = 5*m, s*g - m - 52389 - 153673 = 0. Is g a prime number?
False
Suppose -2*h = 4*p - 18, 5*p = 2*h + 3*h - 15. Suppose -137*r = 420*r - 2785. Suppose -p*u + 6797 = r*u. Is u prime?
True
Is 5/(14/(-4) + 18569493/5305554) composite?
True
Let f be (-2 - 52/(-16))*32/4. Suppose 0 = -4*t + f*t - 51654. Is t composite?
False
Let b(k) = 13*k + 84. Let r be b(-7). Is 4549 + (0 - r) + 5 a prime number?
True
Suppose 14*t = 6*t + 448. Let z be 16/t - 30/7. Is (1 - 2949/z)*(-12 - -16) a composite number?
False
Let x(j) = -j**2 + 5*j + 19. Let h be x(7). Suppose -525 - 1150 = -h*u. Is u a composite number?
True
Let j be 192/30 - 2/5. Let h be 1 + -6 + j + (0 - -1). Suppose -h*d = -358 - 156. Is d a prime number?
True
Let p(g) = -3616*g + 361. Is p(-12) composite?
False
Let g(q) be the first derivative of -482*q**2 + 7*q - 2. Is g(-3) composite?
True
Suppose 35 = -9*z + 44*z. Is z/((5 - (-75504)/(-15101))/1) prime?
True
Suppose 0 = -5*j + 3*b - 16, b - 1 = 3*j + 7. Let y be (-5 - j) + 6/2 - 0. Is (-3 + -11)*(-4 - (-3 - y)) composite?
True
Let g(s) = 91*s**2 + 22*s + 14. Let t(d) = -90*d**2 - 20*d - 13. Let w(x) = -4*g(x) - 5*t(x). Is w(-4) composite?
True
Let j(y) = 35169*y**2 + 18*y - 109. Is j(10) composite?
False
Suppose -29 = -6*n - 11. Is (n - -742)*46/10 composite?
True
Let p(s) = -75986*s + 349. Is p(-6) composite?
True
Suppose 5*l + 4 = 7*l. Let v be -1 - (l - 3)/((-2)/(-12)). Suppose 4*f - 3*z - 3690 = -2*z, -4*z + 4623 = v*f. Is f composite?
True
Let k be (105/14)/((-3)/(1*6)). Let d(p) = -5*p**2 - 10*p + 32. Let g be d(k). Let o = 1478 + g. Is o a composite number?
True
Suppose 865920 + 226108 = 172*k. Is k a prime number?
False
Let z(u) = 53 + 3*u - u**2 - 53. Let x be z(0). Is 262/1*(x + (-3)/(-6)) a prime number?
True
Let h(j) = j**3 - 20*j**2 - 839*j - 47. Is h(48) composite?
True
Let b(p) = -p**3 + 3*p**2 + 7*p + 27. Let u be b(7). Is 291652/60 - (3 - (-376)/u) composite?
False
Is (-19)/(-38)*(-9 - -194155) composite?
False
Is 151242/7 + -10 + -9 a prime number?
True
Suppose -16*d = -5*b - 12*d + 41, d - 1 = -b. Suppose -b*u + 10302 = -27773. Is u a composite number?
True
Let m(s) = 2*s**3 + 14*s**2 + 8*s - 32. Let h be m(-10). Let k(c